*2. What is b(5)?
6
Let s(a) be the second derivative of -a**4/6 - 4*a**3/3 + 3*a**2/2 - a. Suppose -4*h - 11*j + 16*j - 59 = 0, -h + 3*j - 27 = 0. Give s(h).
-21
Let u(r) be the second derivative of -r**3/3 + 19*r**2 - 4581*r. Determine u(30).
-22
Let h be -86 - (6/15)/(2/20). Let p be ((-1)/(-2))/(15/h). Let n(q) be the second derivative of q**4/6 + q**3/3 + q**2/2 + q. Calculate n(p).
13
Let l(v) be the third derivative of v**6/120 + v**5/10 - v**4/6 - v**3/6 + 2795*v**2 + 1. Determine l(-8).
-97
Suppose -2*t - 2*z = 8, z - 25 + 9 = 3*t. Let q be t - -3 - -1*(2 + 3). Let x(c) = 24 - q - 3*c - 13. Determine x(6).
-10
Suppose -20*g + 306 = -774. Suppose -g*x = -43*x - 22. Let v(s) be the first derivative of s**4/4 - 3*s**2/2 + 2*s + 2. Determine v(x).
4
Let a(t) = t. Suppose 0 = -l + 5 - 1. Suppose 0 = -4*u + 6*p - 7*p + 7, -5*u + 4*p = -35. Suppose -l = -3*b + u*n + 5, -b + 23 = 4*n. What is a(b)?
7
Let d(f) = f**2 + 15*f - 7. Let t = -7514 + 7499. Determine d(t).
-7
Let i be (-6)/((9 - (-95)/(-10)) + 0). Let p(c) = -5*c + 39. Determine p(i).
-21
Let u = -1124 + 1119. Let f(q) = -9*q + 5. What is f(u)?
50
Let c(l) be the third derivative of l**4/24 + l**3/6 + l**2 + 84*l - 6. Calculate c(-7).
-6
Let y(p) = -3*p**2 - 88*p - 8. Let f be y(-29). Suppose -22*t + 7 = -f*t. Let z(q) = q**2 - 8*q + 4. What is z(t)?
-3
Let g(f) = 16 + 19 - 18*f - 31 - 5*f**2. Let k(s) = -s**2 - 3*s - 1. Let h(x) = g(x) - 4*k(x). Suppose -12 = v - 2*q, -v = 2*q - 2 + 6. Determine h(v).
-8
Let i(d) be the first derivative of -d**2/2 - 16*d - 2246. Calculate i(7).
-23
Let g(o) = -o**3 + o**2 + 5*o - 3. Let m be 31 - (-3 + (5 - 2))/(-5). Suppose -14*p = -m*p + 51. Give g(p).
-6
Suppose 32 = 2*u + 5*s, 7*u - 32*s = -36*s + 58. Let c(h) = 3*h**2 - 12*h - 24. Calculate c(u).
12
Let z(h) = -2 + 1 - 2*h**2 + 0*h**2 - 15*h**3 - 2*h. Suppose 22168 = -37*k + 71*k. Suppose -2*g + k = 654. What is z(g)?
14
Let r(b) be the second derivative of -3*b**3/2 - 133*b**2/2 + 1641*b. What is r(-15)?
2
Suppose -3*l = 5*b - 229, 13*b = 8*b + l + 237. Let u(q) = 2*q - 5*q + b - q**2 - 28 - 22. Determine u(-2).
-1
Let c(v) = -38741*v + 2*v**2 - 38747*v + 77479*v - 19. Determine c(8).
37
Let r(q) = -q - 6. Let j = 44 + -5. Let h = -45 + 45. Suppose h = x + j - 32. What is r(x)?
1
Let f = -11 - -14. Let u(y) be the third derivative of 2*y**4 - 5*y**3/2 - 15*y**2. Let p(v) = -3*v + 1. Let g(t) = 33*p(t) + 2*u(t). Give g(f).
-6
Let z(g) be the second derivative of -g**4/12 - g**3 + 4*g**2 + g - 48. Let c = -6 + -1. Give z(c).
1
Let o be (72/27)/(304/(-342)). Let h(f) be the first derivative of -f**4/4 - f**3 - 3*f - 1. Determine h(o).
-3
Let m(a) = 6*a**2 - 3*a + 2. Let j(z) = 2*z**3 + 12*z**2 - 5*z - 29. Suppose 17*q + 9*q = -156. Let i be j(q). Calculate m(i).
5
Let t(p) be the third derivative of -56*p**2 + 0*p + 1/120*p**6 + 0 - 7/6*p**3 - 7/60*p**5 - 7/24*p**4. Calculate t(8).
1
Let x = 275 + -271. Let k(g) = 5 - x - 17*g + 5*g + 9*g + g. Determine k(4).
-7
Let c(p) be the first derivative of 2*p**3/3 - 11*p**2/2 - 11*p - 1808. Calculate c(8).
29
Let p(m) = 11 + 15 - 4*m**3 + 0 + 3*m**3 + 1. What is p(0)?
27
Let d(q) be the second derivative of -q**5/20 + 3*q**4/2 + 19*q**3/6 - 5*q**2/2 + 3*q. Suppose -4*w = -6*a + 5*a + 35, 3*w = a - 31. Give d(a).
-5
Suppose -28*h = 11*h - 156. Let w(r) = -r - 4. Let s(u) = -u - 6. Let o(z) = h*w(z) - 3*s(z). Let c be (-2)/(-6) - (-40)/6. Give o(c).
-5
Let o(g) = g**3 + 10*g**2 + 9*g - 2. Let a be o(-9). Let k(f) = 1 - 38*f - 35*f - 39*f - 31*f + 152*f. What is k(a)?
-17
Suppose -3*w = -7*k + 2*k + 5, -4*k + 4*w = 4. Let i be -20*k/40*-4. Let m be (-45)/(-35) + i/(-28). Let d(a) = 18*a**2 - 1. Determine d(m).
17
Let i(g) = -52*g - 110. Let p(d) = 75*d + 166. Let y(m) = -16*i(m) - 11*p(m). Determine y(9).
-3
Let a(m) = 268*m - 3213. Let p be a(12). Let h(f) = 15*f - 42. Calculate h(p).
3
Let w(c) be the second derivative of -1/12*c**4 + 29*c + 11/6*c**3 + 0 + 2*c**2. Suppose -6*m - 33 = -9*m. Determine w(m).
4
Suppose 0 = -c + 2*t + 3, -5*c - 13*t = -15*t - 23. Suppose -3*p + 5*v - 13 = p, 40 = c*p + 5*v. Let o(q) = q**2 - 3*q + 3. Give o(p).
3
Let q = -44 - -37. Let s(n) = 6*n - 70*n**2 + 2*n - 3 + 34*n**2 + 37*n**2. Let l(o) = 2*o**2 + 17*o - 7. Let g(i) = 2*l(i) - 5*s(i). What is g(q)?
-6
Let r = -1623 + 1619. Let g(b) = -b**3 - 5*b**2 - b + 1. What is g(r)?
-11
Suppose -z - 4*z = 4*z - 6*z. Let f(n) = n**3 + 3*n**2 - 4. What is f(z)?
-4
Let b(o) = o - 23. Let p = -7318 - -7297. Give b(p).
-44
Let q(p) be the first derivative of 0*p + 7/2*p**2 + 8. Let x = -106 + 107. Determine q(x).
7
Suppose -4*c = 4*p - 4, 9 = 2*p - 4*c - 5. Let k = -133 + 133. Suppose -3*j + k*j = 0, d = -5*j - p. Let v(u) = -u. Determine v(d).
3
Let j be (1 - -5) + (3 - 5). Suppose 3*v + 0*v + 22 = -2*s, 4*v = -j*s - 32. Let x(r) = 558 + 551 - r - 2*r - 1114. Determine x(v).
13
Let x(h) = h + 3. Let b(g) = 2*g + 398 - 196 - 199. Let o(z) = -b(z) - x(z). What is o(-7)?
15
Let j(v) = -59 + 15 + 2767*v + 2741*v - 5496*v. What is j(8)?
52
Let s(p) be the third derivative of -p**4/6 + 5*p**3/2 + 193*p**2 - p. What is s(16)?
-49
Let c(v) = -14*v**3 - 2*v**2 + 3*v + 5. Let p be c(-1). Suppose s = -2*k + 125 + 68, 2*k - 211 = 5*s. Suppose p*f - k = 28*f. Let l(g) = g - 5. What is l(f)?
-12
Let d(r) = -7*r - 10. Let a(v) = -7*v - 8*v - 7 + 15*v - 4*v. Let y(b) = -5*a(b) + 3*d(b). Determine y(7).
-2
Let z(y) = y + 1. Let w = -673 + 673. Suppose 3*j = -u + 5*u + 3, 3*j - 2*u + 3 = w. Calculate z(j).
-2
Let t be (-382)/3438*(-20 - -2)/2. Let g(h) = 0*h - 2*h + 3 + h - 4*h. What is g(t)?
-2
Suppose -10 = 20*z - 25*z. Let l(f) = -3*f**2 + 30 + 9*f + 4*f**z - 93 + 31. Let v be l(-12). Let r(x) = 2*x**2 - 6*x + 6. Calculate r(v).
14
Let t be ((-30)/(-40) - 210/216) + (-14)/18. Let b(l) = 2*l**2 - 3 - 4*l - 2*l**2 + 6*l**2. What is b(t)?
7
Let z = -19 - -23. Suppose 0*y = -4*p + 4*y + 20, -4*p - 20 = z*y. Let q be (1/3 - p)*126/7. Let v(w) = w + 1. What is v(q)?
7
Let p(h) be the third derivative of h**7/840 + 11*h**3/2 + 237*h**2. Let g(r) be the first derivative of p(r). Give g(-1).
-1
Let z(v) = -4*v**2 + 10*v - 19. Suppose -496*y = -474*y - 50 + 6. What is z(y)?
-15
Suppose -40*r + 9*r = -62. Let a(w) = w**2 - 6*w + 5. Let y be a(r). Let d(n) = -5*n**3 + 3 + 3*n**3 - n - 3*n**2 - 4*n**2 + 2*n**2. Give d(y).
15
Suppose -2*x - 10 = -4*x + 3*j, -4*j = 4*x - 20. Suppose -x*g - 65 + 80 = 0. Let n(i) = 21 + 2*i**2 - i**2 + g*i - 24. What is n(3)?
15
Let c(f) be the third derivative of -7/24*f**4 + 0*f - 11/6*f**3 - 48*f**2 + 1/6*f**5 - 1/120*f**6 + 0. What is c(9)?
7
Suppose 13*g = 9*g - 18*g + 352. Let j(q) = -6*q - 51. Calculate j(g).
-147
Suppose -3*y + 9 + 0 = 0. Let v(p) = 23*p + 2 + y*p**2 - 4*p**2 - 18*p. Suppose 3*o + 5*g = 26, 4*o - 31 = 6*g - 9*g. Calculate v(o).
-12
Let y be 7/7 - (0 + -11). Suppose 3*x - 3 + y = 0. Let d(g) = -3*g**2 - g. Let u(c) = -17*c**2 - 6*c + 1. Let b(w) = 6*d(w) - u(w). Calculate b(x).
-10
Let l(u) = -5*u + 13. Let j(n) = -17. Let h(v) = -9. Let a(t) = -11*h(t) + 6*j(t). Let w(i) = -5*a(i) - l(i). What is w(-2)?
-8
Let l(p) = p**3 - 7*p**2 - p + 8. Let d(t) = t**2 + 2. Let c be d(0). Suppose 3*x = c*m - 0*x - 187, 0 = m + 3*x - 107. Let q be (3/2)/(21/m). Determine l(q).
1
Let x(f) = f**3 + 3*f**2 - 3*f - 4. Let m be x(-3). Suppose -4*p + m*a + 85 = p, p + 2*a = 20. Let c = p - 16. Let n(j) = 3*j. Determine n(c).
6
Let x(i) = 4101 + 60*i - 59*i - 4106. Determine x(-19).
-24
Let p(o) = -o**3 - 13*o**2 - 12*o - 8. Suppose 92*a - 16*a = 32 - 944. Determine p(a).
-8
Suppose -44 = -5*o + y + 61, -2*o = 2*y - 30. Suppose -28 = 12*q + o. Let w(b) = -2*b - 2. Determine w(q).
6
Let z(q) = -2*q**3 - 76*q**2 - 224*q - 3. Let b be z(-3). Let f(l) = 4*l - 159. What is f(b)?
-3
Suppose -3*d + x - 5*x + 13 = 0, 0 = -3*d - 2*x + 11. Let m(g) = -37*g**2 - 5 + 0*g - 9*g + d*g + 36*g**2. Determine m(-2).
3
Suppose -5*t + 1 + 9 = 0. Let l = -70 - -72. Let s(o) = o**3 - o**3 + o**3 + t + l*o**2 + 0*o**3 - 4*o. Determine s(2).
10
Let k(c) = -14*c**2 + 28*c - 65. Let b(a) = -7*a**2 + 14*a - 33. Let d(n) = 5*b(n) - 3*k(n). Let t(y) = y**2 - y + 4. Let o(x) = d(x) - 6*t(x). Give o(5).
-9
Let n(x) = 4*x**2 - 4*x + 5*x - x**3 + 0*x**3 + 1 - 6. Let a be 42/10 + 3/(-15). Let v be n(a). Le